ainder when v is divided by f.
1
Suppose -5*a = -3*l + 12, 2*l - 6 = -a - 11. Let t(c) = 148*c**2 + 8*c + 7. Calculate the remainder when t(l) is divided by 50.
47
Suppose 3*o - 7 = -v, 24*o - 35 = -5*v + 29*o. Calculate the remainder when 38 is divided by 2/(v*16/952).
4
Let k(d) = 4*d**2 - 22*d**2 + 3 + 19*d**2 + 2*d. Suppose -x - 2*y = -3*x, x = 4*y - 6. Calculate the remainder when 62 is divided by k(x).
7
Let z be ((-15)/12)/(((-13)/4)/13). What is the remainder when 100 is divided by (46 - z) + -7 + 5?
22
Let v = 25 - 20. Suppose -3*y + 21 = i - 24, -5*i + v*y + 265 = 0. Let t = 85 - i. Calculate the remainder when t is divided by 12.
10
Suppose -n + 4*i = -44, 10*n - 5*i = 6*n + 154. What is the remainder when 529 is divided by (-178)/(-4)*1*n/18?
84
Let a be 4/36 + (124/18 - 2). Suppose a*m - 91 = 89. What is the remainder when 70 is divided by m?
34
Suppose -152*f - 21*f = -13840. Calculate the remainder when f is divided by 9.
8
Calculate the remainder when -7*(1132/(-14) - -12) is divided by 23.
22
Let h(a) = 4*a + 2. Let q be h(1). Suppose q*o - 128 - 34 = 0. Suppose 0 = -11*u + 12 + 43. Calculate the remainder when o is divided by u.
2
Let i = 88 + 60. Suppose -j + 11 = 2*v + 7, 8 = -4*v. Suppose 12*c - i = j*c. What is the remainder when 109 is divided by c?
35
Let l = -2209 + 2297. What is the remainder when 1230 is divided by l?
86
Suppose 4*y + 2*j - 28 = 22, 3*y - 4*j = 21. Let b(k) = 3*k**3 + 21*k**2 + 5. Calculate the remainder when y is divided by b(-7).
1
Suppose 22*v = -15*v + 9361. Let d = 255 - v. Calculate the remainder when (7 + -4)/((-3)/(-4)) is divided by d.
0
Let h be 2 + 535/13 + (-58)/377. Suppose -3212 - 4098 = -h*s. Calculate the remainder when s is divided by 33.
5
Let b(m) = 3*m - 18. Suppose f - 6 + 2 = 0. Let t be b(f). What is the remainder when 26 is divided by 3*(-14)/t + 4 + -1?
6
Suppose 0 = -110*q + 216*q - 4452. Calculate the remainder when 5499 is divided by q.
39
Let k = -32656 + 33058. Calculate the remainder when 873 is divided by k.
69
Suppose -3*t + 423 = 3*m, -2*t + 685 = 5*m - t. Let r be 9/(783/(-258) + 3). What is the remainder when m is divided by 3/2 - r/12?
21
Suppose 0 = -4*y + 26*b - 29*b + 92386, -4*y + 92344 = -4*b. What is the remainder when y is divided by 9?
7
Suppose 25 = m + 4*l, 2*m - 3 = 4*l - 13. Let p(k) = 15*k**2 - 1. Let b be -3 + 8/((-6)/(-3)). Calculate the remainder when p(b) is divided by m.
4
Suppose -54*n = -2122 - 146. What is the remainder when 224 is divided by -1*6/(-18)*n + 1?
14
Suppose 2*w = 233 - 1449. Let j = w + 835. Calculate the remainder when j is divided by 21.
17
Suppose 4*o - 929 = -13. Let y = o - 191. Calculate the remainder when 147 is divided by y.
33
What is the remainder when 1034 is divided by (-15)/(-9)*328/615*2943/12?
162
Let u be 8/(-7)*539/(-22). Suppose 21 + 15 = 3*f. What is the remainder when -4 + 5 + (u - -1) is divided by f?
6
Let r be ((-19)/3)/(33/(-2079)). Suppose -31*i + r = -4. Calculate the remainder when 126 is divided by i.
9
Calculate the remainder when 304 is divided by 1618/(-8899) + (-2886)/(-22).
42
Let a(u) = -2*u**2 + 8*u - 63. Let x be a(9). Suppose n + n = 106. Calculate the remainder when n is divided by (-7 + x/(-27))*(-21)/2.
11
Let p = 2711 - 2612. Calculate the remainder when 1075/5 - (0 - -3) is divided by p.
14
What is the remainder when 209 is divided by 429/39 - (-20)/2?
20
Let v be (6 - 3) + (-1 - 0). Suppose v*g + 11 = 3*g. Calculate the remainder when 26/((-884)/(-1717)) - 15/(-6) is divided by g.
9
Let g = 1322 - 858. Calculate the remainder when g is divided by 13.
9
Suppose -3*k = -a - 2, 6*k + 2 = 7*k. Suppose b + 8*u - 9*u - 48 = 0, 0 = a*b + 5*u - 210. Let t(n) = 3*n + 3. What is the remainder when b is divided by t(8)?
23
Let f(c) = -3*c**3 - 32*c**2 + 14*c + 70. Suppose 0*x = -2*x - 138. What is the remainder when (-1)/(0 + 1/x) is divided by f(-11)?
32
What is the remainder when ((-6732)/136)/(1/(-6)) is divided by 5?
2
Let t(l) = -29*l + 77. Let b be t(0). Suppose -199 = -6*j + b. Calculate the remainder when j is divided by 25/(2 - (1 + 0)).
21
What is the remainder when (7 + -5)/2*253 is divided by 32?
29
Let g = 433 - 378. Suppose -47 = -5*j + 3*x, 7*j = 2*j + 5*x + g. Let a(u) = u**3 + 2*u**2 - 6*u + 1. Calculate the remainder when a(5) is divided by j.
6
Calculate the remainder when (-13792)/(-24) + 7/2 - (-2)/(-12) is divided by 29.
27
Suppose -3*i + 103 = -278. Let h be 2*3/(-2)*-1. Suppose -3*k = -5*q - 92 + 267, -111 = -3*q + h*k. What is the remainder when i is divided by q?
31
Let g = 211 - 154. Suppose 44*s + 182 = g*s. Calculate the remainder when s is divided by 4.
2
Let q be -1*4*24/(-32). Suppose q*o - k = 1723, -5*o + 0*k + 4*k + 2867 = 0. Calculate the remainder when o is divided by 18.
17
Let k(a) = -a**3 + 4*a**2 + 46*a - 5. Let x be k(9). What is the remainder when (-2 - 21)*x/(-8)*10 is divided by 58?
57
Let a = 93 - 72. Suppose 7*o = -0*o - a. Let t(j) = j + 12. What is the remainder when 17 is divided by t(o)?
8
Let b = -17533 - -17652. Calculate the remainder when b is divided by 14.
7
Suppose 177*g + 85*g + 85144 = 1218294. Calculate the remainder when g is divided by 85.
75
Calculate the remainder when (-1 + -64)*(-16)/20 is divided by (135/10)/((-16)/(-32)).
25
Let z be 2 + -8 - (-25)/5. Let n(i) = 87*i**2 - 2*i + 2. Calculate the remainder when n(z) is divided by 32.
27
Let i = 29 + -24. Suppose -5*h = 2*f - 2319, -i*f + 814 + 566 = 3*h. What is the remainder when h is divided by 118?
111
Suppose 5*h + 4*u = 68, 12*h - 10*h - 3*u = 18. Calculate the remainder when 533 is divided by h.
5
Let c = 185 + -182. Let s = 1 + c. What is the remainder when s is divided by 2?
0
Let t = -353 + 528. Suppose t*w + 369 = 184*w. What is the remainder when w is divided by 23?
18
Let q(d) = 15*d + 206. Let p be q(-24). Let c = 178 + p. What is the remainder when 48 is divided by c?
0
Calculate the remainder when (-1)/(3686/922 - 4) is divided by ((-585)/270 - (-2)/(-6))/(15/(-252)).
41
Suppose -10*u + 9905 - 2495 = 20*u. What is the remainder when u is divided by 51?
43
Suppose 16*v + 488 = 1384. What is the remainder when 134 is divided by v?
22
Suppose 177*n - 194*n = -1785. What is the remainder when 315 is divided by n?
0
Suppose -52*n + 32*n = -2480. Calculate the remainder when n is divided by 9.
7
Let n = 179 + -143. What is the remainder when 44 is divided by ((-8)/2)/(n/(-153))?
10
Suppose 5*b - 3*i - 6612 = 0, 2*i + 6613 = 21*b - 16*b. Calculate the remainder when b is divided by 102.
99
Suppose 5*k - 2*k = -15, 0 = x + 2*k + 197. Let l = x + 274. Calculate the remainder when l is divided by 24/(-7 + 9) - (-1 + 2).
10
Suppose -10*o = 432 - 682. Let q(j) = j**3 + 7*j**2 + 5*j - 1. Let y be q(-6). Suppose 0 = y*d + o - 150. Calculate the remainder when 69 is divided by d.
19
Suppose -5*m - 815 = -5*n, -3*n + 93*m = 94*m - 505. What is the remainder when 460 is divided by n?
126
What is the remainder when 13326/20 + 4/(-120)*9 is divided by 333?
0
Let f(k) = -7*k - 4. Let r be f(0). Calculate the remainder when 38 is divided by (28/24*9)/((-3)/r).
10
Suppose 2*n - 21636 = 1414. Calculate the remainder when n is divided by 102.
101
Let q(g) = -g**3 + 36*g**2 - 178*g + 95. What is the remainder when 656 is divided by q(30)?
36
Suppose -4*l - 2*z = -154, -75*z + 72*z - 97 = -2*l. Calculate the remainder when 305 is divided by l.
18
Let b be (-10672)/(-20) + ((-189)/(-35) - 6). Let u = b - 78. What is the remainder when u is divided by 12?
11
Suppose -243*i = -240*i - 5*z - 181, 4*z - 49 = -i. Calculate the remainder when 1931 is divided by i.
50
Let u(d) = -9*d + 11. Let w(b) = -b - 1. Suppose -4*k = s + 16, -3*k = 2*k + 2*s + 17. What is the remainder when u(0) is divided by w(k)?
3
Let k be ((-6)/(-30))/(2/2230). Let l = -198 + k. Calculate the remainder when 273 is divided by l.
23
Suppose -h + 4*w - 10 = 2*w, -3*h + 2*w = 18. Calculate the remainder when (-16*h/12)/(1/3) is divided by 7.
2
Let s(l) = -185*l + 228*l + 10 + 10. Calculate the remainder when s(12) is divided by 60.
56
Suppose -2*q = -6*b - 84, -338 = -160*q + 155*q - b. Calculate the remainder when 663 is divided by q.
3
Let x = 581 + -362. Suppose 5*g - 246 = x. What is the remainder when g is divided by 5